{"id":56,"date":"2011-10-01T14:43:34","date_gmt":"2011-10-01T14:43:34","guid":{"rendered":"http:\/\/www.dyapason.com\/?page_id=56"},"modified":"2023-02-06T18:09:30","modified_gmt":"2023-02-06T17:09:30","slug":"recrutement","status":"publish","type":"page","link":"https:\/\/www.dyapason.com\/?page_id=56","title":{"rendered":"Recrutement"},"content":{"rendered":"<p style=\"text-align: justify;\"><strong>La chorale d&rsquo;adultes Dyapason<\/strong>\u00a0compte une cinquantaine de choristes\u00a0r\u00e9partis\u00a0en 4 pupitres (soprani, alti, t\u00e9nors et basses). Elle recrute chaque ann\u00e9e en septembre de nouveaux choristes.<\/p>\n<ul style=\"text-align: justify;\">\n<li>Aucune connaissance musicale n&rsquo;est demand\u00e9e<\/li>\n<li>Il n&rsquo;y a pas de limite d&rsquo;\u00e2ge<\/li>\n<li>Seule l&rsquo;assiduit\u00e9 est exig\u00e9e.<\/li>\n<\/ul>\n<ul style=\"text-align: justify;\">\n<li><strong>R\u00e9p\u00e9tition\u00a0:<\/strong>\n<ul>\n<li style=\"list-style-type: none;\">\n<ul>\n<li style=\"list-style-type: none;\">\n<ul>\n<li>le lundi de 20 h \u00e0 22 h<\/li>\n<li>\u00e0 Joinville-le-pont.<\/li>\n<\/ul>\n<\/li>\n<\/ul>\n<\/li>\n<\/ul>\n<\/li>\n<\/ul>\n<p style=\"text-align: justify;\">Durant l&rsquo;ann\u00e9e, il y a quelques r\u00e9p\u00e9titions par pupitre en dehors des lundis\u00a0et \u00e9galement plusieurs samedis apr\u00e8s-midi et dimanches. Un planning de l&rsquo;ann\u00e9e\u00a0est distribu\u00e9 d\u00e9but septembre.<\/p>\n<p style=\"text-align: justify;\">Pour l&rsquo;ann\u00e9e en cours, Dyapason recrute dans tous les pupitres, m\u00eame si comme toujours les membres de pupitres masculins (t\u00e9nors et basses), sont tr\u00e8s recherch\u00e9s!<\/p>\n<p style=\"text-align: justify;\">Messieurs, n&rsquo;h\u00e9sitez pas \u00e0 sauter le pas et \u00e0 venir un lundi assister \u00e0 une r\u00e9p\u00e9tition\u00a0pour \u00a0un premier contact.<\/p>\n","protected":false},"excerpt":{"rendered":"<p>La chorale d&rsquo;adultes Dyapason\u00a0compte une cinquantaine de choristes\u00a0r\u00e9partis\u00a0en 4 pupitres (soprani, alti, t\u00e9nors et basses). Elle recrute chaque ann\u00e9e en septembre de nouveaux choristes. Aucune connaissance musicale n&rsquo;est demand\u00e9e Il n&rsquo;y a pas de limite d&rsquo;\u00e2ge Seule l&rsquo;assiduit\u00e9 est exig\u00e9e. &hellip; <a href=\"https:\/\/www.dyapason.com\/?page_id=56\">Continuer la lecture <span class=\"meta-nav\">&rarr;<\/span><\/a><\/p>\n","protected":false},"author":1,"featured_media":0,"parent":0,"menu_order":8,"comment_status":"closed","ping_status":"closed","template":"","meta":{"footnotes":""},"class_list":["post-56","page","type-page","status-publish","hentry"],"jetpack_sharing_enabled":true,"jetpack_shortlink":"https:\/\/wp.me\/P2428A-U","_links":{"self":[{"href":"https:\/\/www.dyapason.com\/index.php?rest_route=\/wp\/v2\/pages\/56","targetHints":{"allow":["GET"]}}],"collection":[{"href":"https:\/\/www.dyapason.com\/index.php?rest_route=\/wp\/v2\/pages"}],"about":[{"href":"https:\/\/www.dyapason.com\/index.php?rest_route=\/wp\/v2\/types\/page"}],"author":[{"embeddable":true,"href":"https:\/\/www.dyapason.com\/index.php?rest_route=\/wp\/v2\/users\/1"}],"replies":[{"embeddable":true,"href":"https:\/\/www.dyapason.com\/index.php?rest_route=%2Fwp%2Fv2%2Fcomments&post=56"}],"version-history":[{"count":22,"href":"https:\/\/www.dyapason.com\/index.php?rest_route=\/wp\/v2\/pages\/56\/revisions"}],"predecessor-version":[{"id":772,"href":"https:\/\/www.dyapason.com\/index.php?rest_route=\/wp\/v2\/pages\/56\/revisions\/772"}],"wp:attachment":[{"href":"https:\/\/www.dyapason.com\/index.php?rest_route=%2Fwp%2Fv2%2Fmedia&parent=56"}],"curies":[{"name":"wp","href":"https:\/\/api.w.org\/{rel}","templated":true}]}}